 prime number?
False
Is 6511137 a composite number?
True
Is 1583003 composite?
False
Is 49960997 a composite number?
True
Is 141434287 prime?
True
Is 46879033 composite?
True
Is 106669 composite?
False
Is 1614142 composite?
True
Is 614377 a prime number?
True
Is 13201861 composite?
False
Is 17815165 a prime number?
False
Is 50648155 a prime number?
False
Is 72344201 a composite number?
False
Is 48595721 a composite number?
False
Is 69877247 prime?
False
Is 174938633 composite?
False
Is 1613069 composite?
False
Is 33470597 a prime number?
True
Is 4748929 prime?
True
Is 286950641 a composite number?
False
Is 878443 a prime number?
True
Is 108740383 a composite number?
False
Is 91599967 composite?
False
Is 3793913 a composite number?
True
Is 63955537 composite?
True
Is 792659627 a prime number?
True
Is 81170173 prime?
False
Is 213743 a composite number?
True
Is 1516817 composite?
False
Is 31370839 a composite number?
False
Is 520889 a composite number?
False
Is 30854101 a composite number?
False
Is 102541085 a prime number?
False
Is 6061553 a prime number?
True
Is 5710126 composite?
True
Is 9609427 a composite number?
False
Is 261792893 a prime number?
True
Is 10383599 composite?
False
Is 147337 composite?
True
Is 3014549 a prime number?
True
Is 1987135 composite?
True
Is 588583 prime?
False
Is 108461783 a composite number?
False
Is 199891661 a composite number?
True
Is 1450205 composite?
True
Is 279286517 prime?
True
Is 37342711 composite?
True
Is 71424347 a composite number?
False
Is 13310207 prime?
True
Is 131421223 a prime number?
False
Is 524159254 a prime number?
False
Is 100335581 a composite number?
True
Is 62754163 a composite number?
False
Is 685829 a composite number?
True
Is 382504961 a prime number?
False
Is 514835 a prime number?
False
Is 23681977 a prime number?
False
Is 6313679 a prime number?
False
Is 44402063 prime?
True
Is 785619791 composite?
True
Is 6391963 a composite number?
False
Is 5920021 prime?
False
Is 6185611 a prime number?
True
Is 1539695 prime?
False
Is 1808791 composite?
True
Is 1036561 composite?
False
Is 6949697 composite?
False
Is 5071771 a prime number?
True
Is 30386309 a prime number?
False
Is 1450535 composite?
True
Is 6106873 composite?
False
Is 221207581 composite?
True
Is 22575547 a prime number?
False
Is 1384919 a prime number?
True
Is 71160847 prime?
False
Is 720779 composite?
False
Is 10181357 a composite number?
False
Is 10191877 a prime number?
False
Is 17546603 prime?
True
Is 19577879 a composite number?
True
Is 14905589 prime?
False
Is 1942823 prime?
False
Is 635051 a prime number?
True
Is 11279239 a prime number?
False
Is 45049 composite?
True
Is 4800291 a prime number?
False
Is 471894649 a prime number?
True
Is 5368133 composite?
False
Is 21284971 a composite number?
True
Is 39293159 composite?
True
Is 129342077 prime?
True
Is 15450661 a composite number?
False
Is 23279203 a prime number?
True
Is 292342067 composite?
False
Is 195157537 prime?
True
Is 38149567 prime?
True
Is 9386791 prime?
True
Is 38809873 a prime number?
True
Is 735644623 a composite number?
True
Is 4609063 composite?
False
Is 48465013 composite?
False
Is 804907 composite?
True
Is 86149201 a prime number?
True
Is 18515291 prime?
False
Is 1202689 prime?
True
Is 32341607 a prime number?
False
Is 75300569 prime?
True
Is 1190395 prime?
False
Is 572147 a composite number?
True
Is 11250829 a prime number?
True
Is 18435523 composite?
False
Is 56519 a composite number?
False
Is 149635 composite?
True
Is 30875743 composite?
True
Is 17794099 a composite number?
False
Is 113327 composite?
False
Is 3671761 a prime number?
True
Is 54322769 prime?
False
Is 2119759 a prime number?
False
Is 426672143 a composite number?
False
Is 23904809 a composite number?
True
Is 63878195 prime?
False
Is 21314015 a composite number?
True
Is 18349127 a prime number?
True
Is 278228143 composite?
False
Is 10490969 a prime number?
True
Is 13477781 composite?
False
Is 7018541 prime?
True
Is 78945253 composite?
True
Is 35631019 composite?
False
Is 56813189 a composite number?
False
Is 1081277 a prime number?
True
Is 8850773 composite?
False
Is 16383467 prime?
False
Is 416889497 a prime number?
False
Is 248635 prime?
False
Is 857263487 a prime number?
False
Is 3829373 a prime number?
True
Is 7527551 a prime number?
True
Is 319861 a prime number?
False
Is 11486981 a prime number?
False
Is 255642313 a prime number?
False
Is 7262639 a composite number?
False
Is 16141769 prime?
False
Is 175164101 prime?
False
Is 186838243 prime?
False
Is 7341497 prime?
False
Is 8372165 prime?
False
Is 205376651 a composite number?
False
Is 508129 a prime number?
True
Is 1076717 a composite number?
False
Is 5592677 a prime number?
False
Is 532662307 a composite number?
False
Is 18822877 a composite number?
True
Is 3779549 a prime number?
False
Is 19597063 composite?
False
Is 531019 a composite number?
True
Is 1064373 a prime number?
False
Is 37686479 composite?
False
Is 1080253 a prime number?
False
Is 390472067 prime?
True
Is 16001 prime?
True
Is 20166043 prime?
False
Is 11203 composite?
True
Is 877697 prime?
False
Is 41468311 composite?
False
Is 7427303 prime?
False
Is 6036293 prime?
True
Is 1664505571 a prime number?
True
Is 399472013 a prime number?
False
Is 172667337 a prime number?
False
Is 114585391 a prime number?
True
Is 82277185 composite?
True
Is 864251 a prime number?
True
Is 106841149 composite?
False
Is 1578081 a composite number?
True
Is 6325313 prime?
True
Is 1245029 a prime number?
False
Is 7733017 a prime number?
False
Is 9241957 a composite number?
False
Is 17053349 a composite number?
True
Is 723602329 composite?
False
Is 30588037 a composite number?
True
Is 251765281 prime?
False
Is 3672137 a prime number?
False
Is 507166717 a prime number?
True
Is 4443823 a composite number?
True
Is 3053249 prime?
True
Is 107279519 a composite number?
True
Is 21407213 a composite number?
False
Is 471042581 a prime number?
True
Is 262222661 a composite number?
False
Is 105135887 a prime number?
True
Is 9823613 composite?
False
Is 7045483 a prime number?
False
Is 8765711 composite?
False
Is 643787626 a prime number?
False
Is 23581265 composite?
True
Is 57466517 prime?
True
Is 61769 a prime number?
False
Is 144185 a composite number?
True
Is 9338603 composite?
False
Is 1513303 prime?
False
Is 9527201 composite?
False
Is 60216445 composite?
True
Is 877003 composite?
False
Is 4336754 a composite number?
True
Is 80423221 a composite number?
False
Is 1398253 prime?
False
Is 152388101 prime?
False
Is 38105719 composite?
False
Is 250746277 composite?
True
Is 5688901 prime?
False
Is 2165671 composite?
False
Is 10336701 prime?
False
Is 237673 prime?
True
Is 94529 a prime number?
True
Is 16112203 a prime number?
True
Is 23959823 a prime number?
True
Is 148153397 composite?
True
Is 2723123 prime?
False
Is 442735 composite?
True
Is 852121 a composite number?
False
Is 96246307 a composite number?
False
Is 26525077 prime?
True
Is 287213 a composite number?
True
Is 4859089 a composite number?
True
Is 918985 prime?
False
Is 9404393 composite?
False
Is 30792149 a prime number?
False
Is 86201027 prime?
False
Is 8759731 prime?
True
Is 94816159 composite?
False
Is 27819947 composite?
False
Is 11680439 a composite number?
True
Is 695743 prime?
True
Is 61560377 a composite number?
False
Is 12255587 a composite number?
False
Is 581941 a composite number?
False
Is 77547817 composite?
False
Is 7898753 a prime number?
True
Is 21720047 a prime number?
True
Is 3219191 a composite number?
True
Is 63202001 prime?
False
Is 105966974 a composite number?
True
Is 62386031 prime?
True
Is 3803853 a composite number?
True
Is 12696479 a composite number?
True
Is 5097257 a composite number?
True
Is 3344293 prime?
False
Is 131360869 a prime number?
True
Is 11451739 a prime number?
False
Is 13091041 a composite number?
False
Is 4594883 a composite number?
False
Is 17976683 composite?
True
Is 156340291 a prime number?
True
Is 86289153 a composite number?
True
Is 727284977 a prime number?
True
Is 18551987 prime?
False
Is 1681931 a prime number?
True
Is 3529541 a prime number?
False
Is 377753161 prime?
True
Is 690467 composite?
False
Is 21180527 a composite number?
True
Is 229357 prime?
False
Is 142243999 a composite number